pose 6*y - 78 = j*y. What is the units digit of y?
9
Let y(n) = 0*n + 3*n - 3*n**2 + 9*n - 21 + 4*n**2. What is the units digit of y(7)?
2
Suppose 4 = k - 5*q, 4*k - q - 8 = 2*k. Suppose 0 = 5*d - k*g + 25, 5*g + 8 - 36 = 3*d. What is the units digit of -4*d/2 + 34?
6
Let s be -81*(4/(-12) - 0). Suppose 5 + s = 2*w. What is the units digit of w?
6
Suppose m - 3*k = -11, -2*k = 5*m + 3*k - 45. Suppose 0 = -i - 4*z, 6*i - i = m*z. What is the units digit of -2*(10/(-4) + i)?
5
Let i(z) = -8*z + 7 - z**3 + 15*z**2 - 20*z + 3*z**2. What is the tens digit of i(16)?
7
Let x(i) = 11*i**2 - 2*i + 14. Let d be x(-5). Suppose d = 3*j + 4*b, -4*b + b = 5*j - 513. What is the units digit of j?
5
Let k = 371 + -194. What is the hundreds digit of k?
1
Let u = -645 + 1024. What is the units digit of u?
9
Let p = -1139 - -2547. What is the hundreds digit of p?
4
Let w = -460 + 738. Suppose 0 = 4*v + 70 - w. What is the units digit of v?
2
Suppose 3*y + 1107 = -4*r + 3158, 0 = r + 5*y - 500. What is the hundreds digit of r?
5
Let u(t) = t**3 + t**2 - t + 2. Let i(x) = x - 3. Let j be i(5). Let f = -2 + j. What is the units digit of u(f)?
2
Suppose 4*r = -150 - 106. Let w = 10 - r. Let n = w - 43. What is the tens digit of n?
3
Suppose -5*s = 0, c - 8*s + 11*s = 57. Suppose 0 = -2*h + 305 - c. What is the units digit of h?
4
Let v = -500 - -1766. What is the hundreds digit of v?
2
Let x(o) = 11*o - 4. Let v(s) = -s**2 - 11*s - 26. Let d be v(-6). What is the tens digit of x(d)?
4
Let n = 150 - 290. What is the units digit of 4/(-7) - 7360/n?
2
Suppose 2*g + 9 = w - 0, -4*g = 5*w - 17. Suppose 4*b - 54 = 2*i + 176, -w*i - 285 = -5*b. What is the tens digit of b?
5
Let n be 5541/12 + 1/((-4)/(-1)). What is the tens digit of (-5474)/(-22) + 84/n?
4
Suppose q - 2*c = 47, 2*q - 5*c - 59 - 38 = 0. What is the tens digit of q?
4
Suppose 3*g - 6*g + 9 = 0. Suppose -g*y = -5*y + 5*f + 99, 4 = -4*f. What is the tens digit of y?
4
Let o = -605 - -2740. What is the tens digit of o?
3
Suppose -2*r = -3*r + 2*u - 8, -u - 7 = 5*r. Let z = r - -45. What is the units digit of z?
3
Let k = -1597 - -2370. What is the tens digit of k?
7
Suppose 8*q - 10 = 22. Suppose -f - 4*p = -2*p - 324, -1329 = -q*f + 3*p. What is the units digit of f?
0
Let g = 4122 + -2454. What is the tens digit of g/22 + 2/11?
7
Let b(y) = -y**3 - 13*y**2 + 5*y - 1. Let m(x) = -x**3 - 12*x**2 + 6*x. Let r(u) = -2*b(u) + 3*m(u). What is the units digit of r(-11)?
5
Let m(q) = 6*q**3 - q**2. Let f be m(1). Suppose -4*v + 68 = 4*b, -3*b - 46 = -3*v - f*b. What is the units digit of v?
2
Let c = 19 - 17. Let k(r) = 3*r**3 + 10*r**2 + 8*r + 8. Let n(w) = -10*w**3 - 31*w**2 - 23*w - 25. Let o(q) = c*n(q) + 7*k(q). What is the tens digit of o(-6)?
1
Let l = -7 - -6. What is the tens digit of ((-7)/(-3))/(l/(-162)*3)?
2
Let a(t) = 72*t - 139. What is the hundreds digit of a(9)?
5
Suppose 63 = 18*h - 135. What is the units digit of h?
1
Let h = -34 + 33. Let i be 1 - -79 - (-2 - h). Let b = i + -14. What is the tens digit of b?
6
Suppose 0 = 22*c - 23*c + 3. Suppose -c*u = -2*u - 23. Suppose 10 = 2*b + 3*s + s, -3*b + 2*s + u = 0. What is the units digit of b?
7
Let q = 32 - 26. Suppose q = -5*d + 131. What is the units digit of d?
5
Let f be 10040/56 + 4/(-14). Let a = f - 24. What is the units digit of a?
5
Let v(a) = -7*a**2 + 6*a + 26. Let q(c) = 10*c**2 - 9*c - 39. Let h(s) = 5*q(s) + 7*v(s). What is the units digit of h(9)?
1
Let v = 19 + -16. Suppose 3*x + v*h - 84 - 30 = 0, -2*x - 4*h + 78 = 0. What is the tens digit of x?
3
Suppose -1 + 11 = -5*n. What is the tens digit of (0 - (-115)/(-2))*n?
1
Let z(k) = k**3 - 3*k**2 + 7. What is the hundreds digit of z(8)?
3
Let i(v) = 118*v - 148. What is the tens digit of i(11)?
5
Let v = 227 + -184. Let b(p) = -16*p**3 + p**2 + p. Let c be b(-1). Let o = v + c. What is the tens digit of o?
5
What is the units digit of (33/(-22))/(1/(-2)) - -931?
4
Let d be (15/((-225)/(-6)))/(2/70). Let f be 1 + -2 + (-15)/(-1). What is the tens digit of 234/d - (-4)/f?
1
Let d be 2*(12/(-8) + 2). What is the units digit of (6 - -20) + 4*d?
0
Let u(t) = -t + 1. Let a be u(-1). Suppose 2*h + 31 = -5*j, h = -j + a*h - 9. What is the tens digit of (-2)/j + (-215)/(-7)?
3
Let v = -23 - -25. Suppose -3*r + 40 = v*y + r, -19 = -2*y + 3*r. What is the tens digit of y?
1
Suppose -3*p = -9*p + 216. Let i = p + 20. What is the units digit of i?
6
Suppose -251 + 63 = -4*i. Suppose -4*s - 4*o = -o - i, -19 = -3*s + o. What is the units digit of s?
8
Let j(l) = l**3 - 4*l**2 - 21*l + 4. Let s be j(7). Suppose -s*h + 46 = -366. What is the units digit of h?
3
Let x = 15 - 125. Let p = x + 159. What is the units digit of p?
9
Suppose -2*a + 399 = q, -q + 305 = 3*a - 94. Suppose 5*f - q = -3*z, -2*f + 3*f - 3*z - 87 = 0. What is the tens digit of f?
8
Let c be (-30)/(-2) + 3 + -2. Let y = c - 11. Suppose 85 = y*b - 3*i + 8*i, -b + 5*i = -23. What is the tens digit of b?
1
Let h(s) = 12*s - 30. Suppose 4*k - 28 = -0. What is the units digit of h(k)?
4
Let j(v) = v + 6. Let h be j(3). Suppose -3*y + 72 = h. Suppose y*n = 19*n + 24. What is the units digit of n?
2
Suppose -7*o = -3*o - 1100. Suppose u = -f + 53, -2*f - o = -5*u - 5*f. What is the tens digit of u?
5
Suppose 4*r - 32 = 4*b, -2*r - 2*r - b = -42. Suppose 96 - r = 2*m + 2*c, 5*m - 2*c = 194. What is the tens digit of m?
4
Suppose 442 = -10*v + 20272. What is the units digit of v?
3
Let t be (-2)/10 + (-189)/(-45). Suppose -3*z = -t*n - 42, z - 3*z = n - 28. What is the tens digit of z?
1
Suppose -3*t + 26 = 5*y, y - 1 = -t + 9. Suppose -5*j + 3*j = -t. What is the units digit of 500/35 + j/(-21)?
4
Suppose -911*l + 905*l + 2172 = 0. What is the units digit of l?
2
Let v(k) = 16*k**2 + 56*k - 92. What is the thousands digit of v(15)?
4
Suppose 5*t = 6 + 4. Let n(j) = -7*j + 2*j**t - j**2 + 0*j**2 + 8. What is the units digit of n(6)?
2
What is the thousands digit of (-20)/(-35) + 39206/14?
2
Let g(f) = 7*f - 11. Let w be g(-5). Let c = w + 73. What is the units digit of c?
7
Let l be (254/4 - (-6 - -4))*-2. Let r = l - -197. What is the tens digit of r?
6
Let o = 439 - 402. Suppose 5*w - 15 = 0, r - 5*w - 303 = -2*r. Suppose 2*b - 43 = -5*v + o, 4*v = -3*b + r. What is the units digit of b?
0
Let r be 30/(6/4 + 0). Let f = 4 - 1. Suppose -2*s + f*h = -6, -7*h = -2*h - r. What is the units digit of s?
9
Let c be 2/(-5) + (-2 - (-615)/(-25)). Let f = c + 67. What is the tens digit of f?
4
Let a be (-20)/(-3)*396/15. Suppose -d + 3*d = a. What is the units digit of d?
8
Let f(w) = 22*w - 142. What is the tens digit of f(24)?
8
Let t(d) = 9*d**2 - d + 25. Let w be t(5). Suppose 0 = 3*c + v + w - 958, -5*v - 20 = 0. What is the tens digit of c?
3
Let b(x) = -x - 6. Let i be b(16). What is the units digit of -6*3/36*i?
1
Let l = -102 - -100. What is the units digit of (l - -3)/((-1)/(-71))?
1
Suppose 4*w + 3*q = -2*q + 1979, 0 = 3*w + 3*q - 1488. What is the units digit of w?
1
Let x be (6/9)/((-2)/(-6)). Suppose x*f = -3*f + 820. Let m = f + -116. What is the tens digit of m?
4
Suppose 2*m - 2*q = -0*q + 30, -m + 5*q + 31 = 0. What is the tens digit of (-840)/(-22) + (-2)/m?
3
Let d = 15 - 9. Suppose -d*y + 4*y - 27 = 3*o, 40 = -3*y - 5*o. Let r = 21 + y. What is the units digit of r?
6
Suppose 3*y = -3*a + 45, -3*a - y + 39 = -0*y. Let s be -125 + 3/(a/(-4)). Let g = -83 - s. What is the units digit of g?
3
Let x = -140 + 577. What is the tens digit of x?
3
Suppose 5*o = 5*l - 14160, -10367 = -5*l - 2*o + 3828. What is the thousands digit of l?
2
Let m = 228 - -203. What is the tens digit of m?
3
Let s(b) = b**2 + 6*b + 6. Let a be s(-3). Let d(w) = w**3 + 7*w**2 - w - 4. Let j be d(a). Let r = j - -16. What is the tens digit of r?
5
Let x = -5 - -11. Let t = x + 0. What is the units digit of (t/10)/((-3)/(-45))?
9
Let w = -181 - -197. What is the units digit of w?
6
Suppose -p + 11705 = -11*f + 16*f, p = f - 2335. What is the tens digit of f?
4
Suppose 0 = 6*u - 27 - 3. Suppose 5*k + 35 = r, u*r - 2*k = 2*r + 157. What is the tens digit of r?
5
Let q(v) = 9 - 5*v + 4*v + 6 - 5. Let l be q(6). Suppose -l*i = -2*i - 2. What is the units digit of i?
1
Let r(g) = -g**3 - 13*g**2 - 16*g + 9. Suppose -4*v - 16 - 37 = h, 5*h + 85 = -5*v. What is